-24)/10)/(5/(27900/(-27))). What is the greatest common factor of f and 8?
8
Suppose -8*f + 3*f = -180. Suppose -23*r + 2*s + 10 = -22*r, 2*r - 19 = 5*s. Calculate the highest common divisor of r and f.
12
Let w be (10/3 + -2)/(3/198). Let b(n) be the third derivative of n**4/24 + 11*n**3/6 - 3*n**2. Let v be b(0). What is the greatest common factor of v and w?
11
Suppose 135*z - 151*z = -1344. Let l(q) = 9*q + 2. Let d be l(6). Calculate the highest common factor of z and d.
28
Let g be 13/(819/2408) - (-2)/(-9). What is the greatest common factor of 304 and g?
38
Let n be -1 + (-985)/(-30) - (-1)/6. Suppose n*w = 38*w - 180. What is the greatest common divisor of 40 and w?
10
Let s = -326 + 462. What is the greatest common divisor of s and 8?
8
Let s be (-1 - -1) + 1*21. Let h = 16 + -16. Suppose h*f + 525 = 5*f. Calculate the highest common divisor of s and f.
21
Let j(y) = -3*y + 13. Suppose 36 = -4*i + 4*k, 0*k + 4*k = 0. Let a be j(i). Let r = 7 + -2. What is the greatest common factor of a and r?
5
Let h(s) = -11*s + 49. Let d be h(-6). Calculate the greatest common factor of 368 and d.
23
Suppose -o = 2*b - 74, 43*b + 2*o = 41*b + 78. What is the highest common factor of b and 28?
7
Suppose 0 = -7*w + 2*w + 4*g + 66, 5*w - 68 = 2*g. What is the highest common divisor of 14 and w?
14
Let a be -38*(1 + -3 + 0/3). What is the greatest common divisor of 76 and a?
76
Suppose 5*l = -0*l + 285. Let o be (l/4)/((-1)/(-4)). Let h = 2047 - 2028. Calculate the greatest common factor of h and o.
19
Let h = 6 - 8. Let u = h - -1. Let v be ((-24)/28)/(u/21). Calculate the greatest common divisor of v and 18.
18
Let n be (-66)/(-16)*2*24. What is the greatest common divisor of 2046 and n?
66
Let u be 0 + 18 - (-124 + -2)/18. What is the greatest common divisor of u and 3475?
25
Let k(u) = 2*u - 18. Let v be k(10). Suppose v*b - 107 = 23. Let j be 1 + -4 + 3 + b. What is the highest common factor of 13 and j?
13
Let z be 2/(-8) + 3/(-4). Let m(x) = -56*x - 1. Let w be m(z). Let i be (18/(-108))/((-1)/30). Calculate the highest common divisor of w and i.
5
Let a be ((-3870)/(-120))/((-6)/(-56)). Calculate the greatest common factor of a and 129.
43
Suppose 34*m - 30*m = 832. Calculate the greatest common factor of m and 39.
13
Let y = 713 + -653. What is the greatest common divisor of 165 and y?
15
Let s be 4/6*(2 - -7). Suppose 0 = s*y - 3*y - 24. Calculate the greatest common divisor of y and 32.
8
Let v be ((-96)/24)/(-3 + 2/2). Suppose -2*j = v*d, -4*j + 3*j - 3 = 0. What is the greatest common factor of d and 15?
3
Let y(d) = -14*d - 5. Let g be y(-1). What is the highest common divisor of 36 and g?
9
Let l = 324 + -306. Calculate the greatest common divisor of l and 12.
6
Suppose 75*t - 1278 = -5*f + 79*t, -4*t = -4*f + 1020. Calculate the greatest common divisor of f and 6.
6
Suppose -m + 758 = 2*w, 2*w - 1 = -3. Calculate the highest common factor of m and 40.
40
Suppose 3*b = -4*m + 20, 4*m + 0 - 16 = -4*b. What is the highest common factor of m and 1096?
8
Let y(a) = -3*a**3 - a**2 + 1. Let d be y(-1). Suppose d*l + 51 - 126 = 0. What is the greatest common divisor of 175 and l?
25
Let u = 179 - 155. Let g(m) = -m**2 - 9*m + 10. Let a be g(-8). Let p be a/6 - 0/(-2). What is the highest common factor of u and p?
3
Let n(m) = 98*m - 16. Let f be n(2). Let s = -193 - -213. What is the greatest common divisor of s and f?
20
Let p = -4 - -8. Let q(m) = -m**2 + 4*m + 2. Let b be q(p). Suppose -b*l - 4 = 0, 2*g - 5*l + 584 = 5*g. What is the highest common factor of 18 and g?
18
Let k(g) = g**2 - 6*g - 17. Let o be k(-6). Calculate the greatest common divisor of o and 1760.
55
Let l(t) = -t**3 + 17*t**2 + 15*t + 4. Let b be l(17). What is the greatest common factor of b and 37?
37
Suppose -103 - 29 = -4*m - 4*i, -m + 39 = 3*i. What is the greatest common factor of 255 and m?
15
Suppose -v - 3*g + 0 + 15 = 0, 25 = 5*g. Let y = 96 + -96. Suppose 3*k = 3*s - y*s + 228, v = k - 2*s - 80. Calculate the highest common factor of 18 and k.
18
Let w(n) = 13*n + 69. Let y be w(12). What is the greatest common factor of y and 9?
9
Let d be 2046/5 - 186/155. Calculate the highest common divisor of d and 48.
24
Let n(b) = -39*b - 131. Let m be n(-5). What is the highest common divisor of m and 272?
16
Let o = 45 - 15. Suppose t = -5*n + 369, 5*n + 2*t + 94 = 457. What is the highest common divisor of n and o?
15
Let o(u) = 1 + 2*u - 2 - 10 + 2. Let d be o(10). Calculate the highest common factor of 55 and d.
11
Suppose 44 - 341 = -9*r. What is the highest common factor of 429 and r?
33
Suppose -11*x + 14*x - 276 = 4*g, 4*x + 2*g = 390. Calculate the greatest common divisor of 16 and x.
16
Suppose 0 = -33*s + 387 + 9. What is the highest common factor of s and 30?
6
Let l be ((-21)/(-15) - 1) + 48/5. What is the greatest common divisor of l and 215?
5
Let c be (21 - 25 - -35*2)*12. What is the highest common factor of c and 6?
6
Suppose -89*r - 34 = -90*r - d, 0 = -5*r - 2*d + 182. What is the highest common divisor of r and 2?
2
Suppose 43 = -2*b - 0*b + g, 3*b - 4*g = -67. Let j be 2/2*(57 + b). What is the greatest common divisor of 252 and j?
36
Let w(c) = -c**3 - 9*c**2 + 10*c + 15. Let h be 20/15*(-2 - 22/4). Let f be w(h). Calculate the highest common factor of f and 9.
3
Let u be 111 - ((-3)/1 - -4)*-5. What is the highest common factor of u and 145?
29
Let m be (-10)/(-75) - 1*(-56)/30. Suppose 3*b - 119 = 4*p, 4*p + 64 = m*b - 10. What is the highest common factor of b and 5?
5
Let r(l) = l**3 - 30*l**2 + 31*l + 12. Let o be r(29). Calculate the greatest common factor of 490 and o.
70
Let k(t) = -t**3 - 4*t**2 - 8*t - 22. Let f be k(-6). Let a be (f/(-21) + 4)/((-2)/27). What is the greatest common factor of 72 and a?
9
Let v = 411 - 150. What is the highest common factor of 58 and v?
29
Let s = 8 - 0. Let x be 2*-6*2/s. Let w be (4*3)/(x - -4). Calculate the greatest common factor of w and 108.
12
Suppose 17*w + 20 = 21*w. Suppose w*j = 2*a - 15, 3*j = 7*j - 20. Calculate the greatest common factor of a and 180.
20
Suppose -78*k = -74*k - 88. Calculate the greatest common divisor of k and 616.
22
Suppose 5*q - 9 = -3*l, -10 = 2*l + 3*l. Let a be (-25)/q + 14/(-21). Let k be (-61)/(-4) + a/36. Calculate the greatest common divisor of 60 and k.
15
Suppose -5*o = 25, 0 = 4*c - o - 0*o - 21. Suppose -2*k - 16 = -c*k. Calculate the highest common divisor of k and 1.
1
Suppose -31*f + 5*z - 235 = -33*f, 30 = 6*z. Calculate the highest common divisor of 168 and f.
21
Let x(p) = -p**2 + 41*p - 92. Let o be x(28). What is the greatest common divisor of 17 and o?
17
Let o be (-6136)/(-91) - (-16)/28. What is the highest common divisor of 4 and o?
4
Suppose 0 = -5*d - 0 + 20. Suppose 117 = 3*i + d*q - 122, q = -3*i + 233. Calculate the highest common divisor of 7 and i.
7
Let j be (-3 + 5*-3)*-1. Suppose 45 = 5*b + 3*q, -2*q + 13 - 23 = 0. Calculate the highest common factor of b and j.
6
Let x = -411 + 763. Calculate the greatest common factor of x and 132.
44
Let f = 206 + -200. Calculate the greatest common factor of 4 and f.
2
Let h = -19 - -28. Let l = h - 5. Calculate the greatest common factor of 2 and l.
2
Suppose 2*h - 204 = 2*j, -5*j = -h + 5*h + 492. Let o be (1 - -4)*-5*44/j. Calculate the highest common divisor of o and 22.
11
Suppose -8*b + 4*b + 5*g = -5095, -2565 = -2*b - g. What is the greatest common factor of 40 and b?
40
Let d(g) = 6*g - 325. Let s be d(55). Calculate the greatest common divisor of 5 and s.
5
Suppose 0 = -9*y + 511 + 10694. Calculate the greatest common divisor of y and 30.
15
Suppose -3*y + o + 2219 = 0, -4*y + 3085 = o + 124. Calculate the greatest common factor of y and 40.
20
Let m(n) = 35*n + 191. Let b be m(-5). Calculate the highest common divisor of 392 and b.
8
Let l(i) be the second derivative of 2*i**2 + 1/12*i**4 + 0 + 5*i + 1/3*i**3. Let d be l(5). Calculate the greatest common divisor of d and 26.
13
Let t be (-22)/(-11) - 0/1. Suppose -t*i + 3*s = -21, 4*s + 6 = -i - 0*i. What is the highest common divisor of 9 and i?
3
Suppose -z - 10*z = -88. Let n be (18/(-24))/(-3) - (-6)/z. What is the highest common factor of 4 and n?
1
Let y = 92 + -32. Suppose 4*h + 5*x = 3*h + y, h - 64 = -4*x. What is the highest